e tens digit of y?
6
Let g(h) = 195*h - 370. What is the thousands digit of g(19)?
3
Let h = 1792 + -516. What is the hundreds digit of h?
2
Let y be (-9)/12 - 21*(-1255)/(-60). Let g = -287 - y. What is the units digit of g?
3
Let p = 3 - 13. Let c = 6 + p. Let w(i) = -16*i - 2. What is the tens digit of w(c)?
6
Suppose 4*l - 4*h + 40 = 0, -2*l - 2*l - 36 = -2*h. Let a be l*(0 + (-135)/12). What is the units digit of a/2 - 2/1?
3
Let h = -863 + 2520. What is the tens digit of h?
5
Suppose -5*m - 291 - 459 = 0. Let l = -69 - m. What is the tens digit of l?
8
Let c(v) = -v**3 + 36*v**2 + 39*v - 67. What is the units digit of c(37)?
7
Suppose 5*u - 2*q = 12667, -2*q + 63 = -u + 2598. What is the tens digit of u?
3
Let x = 458 - 374. What is the tens digit of x?
8
Suppose -24753 = -23*q + 21477. What is the units digit of q?
0
Suppose 0 = -4*q + 1482 + 594. What is the tens digit of q?
1
Suppose 14*s - 46*s = -27392. What is the tens digit of s?
5
Suppose 7 = -2*f - 3*r, 5*f - 10 = 9*f + 2*r. Let v be -22 + 1/(-1 - -2). What is the tens digit of v/(f - 5/(-4))?
2
Suppose 1 = 3*k + 4*x - 15, -2*k - 2*x = -14. Suppose -50 = -2*z - 5*v, 0*z - 3*v - 74 = -4*z. Let y = z - k. What is the units digit of y?
8
Let g = -51 - -51. Suppose g = -10*b + 15*b - 385. What is the tens digit of b?
7
Let t = 90 + -89. What is the tens digit of -88*(-2)/4 + t*-3?
4
Let r = -1347 + 2079. What is the units digit of r?
2
Suppose -782 = -f + 2*v, 2*f - 2*v = -0*f + 1572. Suppose 3*d + l = -457, f = -4*d - d + 4*l. What is the units digit of (d/42)/((-1)/3)?
1
Suppose -417 + 129 = -4*z. Let u = z - 29. What is the units digit of u?
3
Suppose -5*i + 32676 = 3*c, 0 = -4*i + 27*c - 24*c + 26157. What is the units digit of i?
7
Suppose 2*y - 3*a = 1945, 5*y - 4*a + 945 = 6*y. What is the units digit of y?
5
Let l = -24 - -24. Let y(n) = -n**3 + n**2 + 2*n + 40. What is the units digit of y(l)?
0
Let r(n) = 11*n**2 - 11*n - 1. What is the tens digit of r(8)?
1
Suppose 12*l - 6*l - 9900 = 0. Suppose 23*a = 8*a + l. What is the tens digit of a?
1
Let g = 55 - 32. Let h = 27 - g. What is the units digit of (95/(-10))/((-1)/h)?
8
Let a(q) = -q + 46. Suppose -3*m - w + 66 = 0, -w - w - 44 = -2*m. What is the tens digit of a(m)?
2
Let p = -202 - -543. What is the tens digit of p?
4
Suppose -20*y + t = -16*y - 5328, -5*t = -4*y + 5312. What is the tens digit of y?
3
Suppose -17*q = -14*q - 1098. Suppose 3*p - 339 = -5*s + 210, 2*s - q = -2*p. What is the units digit of p?
3
Suppose -x - 5*r + 18 + 116 = 0, -4*r = -5*x + 583. What is the units digit of x?
9
Let w(l) = -l - 7. Let c be 5/(-25) + (-2)/(-10). Let z be w(c). Let a = 14 - z. What is the units digit of a?
1
What is the thousands digit of ((-44)/6)/(3/(-7 - 794))?
1
Suppose -10 = -3*q - 4. Suppose -3*x + q*x = 0. Suppose -4*p + 169 - 25 = x. What is the tens digit of p?
3
Suppose -8*n = -25 - 127. Let s = n + 147. What is the units digit of s?
6
Let u = -529 + 890. What is the tens digit of u?
6
Suppose 0 = 4*z + 264 - 1504. What is the units digit of z?
0
Suppose 4*t + r - 14840 = -3*r, -2*r + 18559 = 5*t. What is the hundreds digit of t?
7
Suppose 8*d - 2008 - 872 = 0. What is the units digit of d?
0
Let o be 4*(-5)/40*-58. Suppose o = 5*x - 721. What is the tens digit of x?
5
Let y = 135 + 456. What is the tens digit of y?
9
Let m be ((-4)/(-6))/(3/3672). Suppose m = -p + 9*p. What is the tens digit of p?
0
Let i = -360 + 900. What is the units digit of i?
0
What is the thousands digit of (1388/(-6))/(4/(-60))?
3
Suppose y + 2*h = -7 + 37, 0 = -4*y + h + 84. What is the tens digit of y?
2
Suppose 3*m - 4*m = 2. Let g(k) be the first derivative of -k**4/4 + 4*k**3/3 + k**2 - 2*k + 2. What is the units digit of g(m)?
8
Suppose 3*h = 2*n - 1407, 8*n = 9*n - 3*h - 702. What is the hundreds digit of n?
7
Suppose -2*s - 594 - 4168 = -5*r, s = -1. What is the tens digit of r?
5
Suppose 3 = z - 1. Suppose 0 = -5*y - 3*c + 25, -5*y - 4*c = -3*y + z. What is the units digit of ((-118)/y)/(4/(-16))?
9
Let z(b) = -9*b**3 - 4*b**2 - 33*b - 118. What is the units digit of z(-4)?
6
Let o(p) = 1285*p**2 - 33*p - 67. What is the tens digit of o(-2)?
3
Let o(y) = 1 - 2*y - 3 - 12*y. Let m(g) = 4*g + 9. Let a be m(-3). What is the units digit of o(a)?
0
Let z(q) = q**2 - 3*q - 10. Let i be z(-12). Suppose -4*u + 180 = 5*s, u + 55 = -3*s + i. What is the tens digit of s?
4
Let o(m) = 130*m + 34. What is the tens digit of o(4)?
5
Let i be 143/26 + 6/(-4). Suppose 0 = f - i*f + 300. What is the hundreds digit of f?
1
Let x(r) be the second derivative of -5*r**3/2 + 2*r**2 + 10*r. What is the tens digit of x(-3)?
4
Let r = -19 - -21. Suppose 0 = 5*u + 4*v - 50, 2*v + 10 = -r*u + 3*u. What is the units digit of 64 - 5/u*2?
3
Suppose -100 - 40 = 5*l. Let c = l + 35. What is the units digit of c?
7
Let v(k) = 7*k**2 - k + 1. Let m be v(-2). Suppose -2*b = 8 - 4. Let j = m - b. What is the tens digit of j?
3
Let a = -2493 + 6055. What is the thousands digit of a?
3
Let f = 379 + -181. What is the units digit of f?
8
Suppose 3*k = 2*w - 576, w - 288 = -7*k - k. What is the tens digit of w?
8
Let d = -6 - -11. Suppose d = -6*z + 11*z. What is the units digit of (-3 - -135)/4 - z?
2
Suppose -6 - 36 = 6*d. Let b be (d/(-14))/((-1)/(-6)). Suppose -4*o + 53 = b*z - 25, 5*z - 5*o = 165. What is the tens digit of z?
3
Suppose 17*r - 6*r - 57134 = 0. What is the units digit of r?
4
Let s = -18 - -16. What is the units digit of (-23040)/(-102) + s/(-17)?
6
Let w(q) = -q**2 - 2*q - 9. Suppose 6*p - 4*p - j = -15, 15 = -3*j. Let a be w(p). Let d = -49 - a. What is the units digit of d?
0
Suppose 4*s = 3*z + 14, -3*s - 4*z + 2 = 2*s. Suppose 0 = 2*b + g - 33, -s*b = 2*b + 4*g - 76. What is the units digit of b?
4
Let y(j) = 0 + 7 + 3*j + 0*j + 2*j. Let p = 11 - 3. What is the units digit of y(p)?
7
Suppose -3*t + 0*o - 2*o = -19, -4*t - 5*o = -37. Let z(h) = 0*h**2 - 5*h**2 - h**t + h + 4*h**2 + 6*h**2 + 7. What is the tens digit of z(3)?
2
Let a(x) = x**2 + 4 + 4 + 5*x - 3 + 2. What is the units digit of a(6)?
3
Suppose -5*y + 3*o = 5*o - 3418, 2*y = -5*o + 1363. What is the hundreds digit of y?
6
Let i be 68/10 - (-5)/25. Suppose -5*p = -i*p. Suppose -6*a + a + 230 = p. What is the tens digit of a?
4
Suppose -r + 293 = 2*p - 350, 5*p - 1612 = 2*r. Suppose -p = 2*l - 4*l. What is the tens digit of l?
6
Let p = -12 - -24. Let b be ((-6)/p)/((-1)/24). Suppose 2*h = -0*h + 2*w + 44, b = -4*w. What is the tens digit of h?
1
Suppose -4*g + 4 = -k - 2, 6 = 3*g. Suppose -k*a - 86 = -4*i, a + 66 = i + 2*i. What is the units digit of i?
3
Suppose 0 = -21*q + 16*q + 2*s + 13420, -5*q = 3*s - 13445. What is the tens digit of q?
8
Suppose -p = 3*a - 11, 0 = 3*p + a - 3*a. Suppose -p*q - 108 = -6*q. Let x = q - 9. What is the tens digit of x?
1
What is the units digit of ((-562)/(-15)*-6)/(4/(-10))?
2
Suppose 22*n - 8645 - 4489 = 0. What is the tens digit of n?
9
Let w(t) = -2 - 3 - 4 + 2*t + 3*t. What is the tens digit of w(5)?
1
Let n(f) = -3*f**2 - 7*f - 7. Let y be n(-4). What is the tens digit of 194 - ((-6)/27 + (-87)/y)?
9
Let a = -88 + 158. What is the tens digit of a?
7
Let f(r) = -r**3 - 4. Let u be f(0). Let i be (-3)/2*u/3. Suppose -i*h + 5*t + 22 = 0, 5*h - 5*t - 30 = 55. What is the tens digit of h?
2
Let u(o) = -3*o + 54. Let v be u(0). Let n = -14 + v. What is the tens digit of n?
4
Let j be 34/9 - 6/(-27). Suppose 3*u - j*c + 4 = 0, -2*c - 20 = 3*u + 2*c. Let d = u + 7. What is the units digit of d?
3
What is the hundreds digit of 2/(2981/(-4985) + (-54)/(-90))?
9
Let f(x) = -x**3 - 8*x**2 + 19*x - 5. Let h be f(-10). Suppose 0 = -4*r + 2*q + 196, 91 = 5*r + h*q - 139. What is the tens digit of r?
4
Let r = -55 - -59. Suppose 2*i + 420 = -4*b + 1128, -r*b + 5*i + 736 = 0. What is the hundreds digit of b?
1
Let r(f) = f**3 + 4*f**2 - 4*f - 1. Let c be r(-3). Suppose 0 = 4*a - c, 2*m - 166 = 3*a + a. What is the tens digit of m?
9
Let t(o) = 9*o**2 - 101*o + 35. What is the hundreds digit of t(17)?
9
Let s(n) = 4*n**2 + 4*n + 6. Let l = -24 + 17. What is the units digit of s(l)?
4
Let l = 3 + 2. Suppose 4*g - 13 = w - 6, -l*g = 4*w - 77. Suppose -w = -p - 0*p. What is the units digit of p?
3
Let v(g) be the second derivative of 1/6*g**3 + 0 - 4*g + 9/